inder when (32 - 2)*z/6 is divided by 11.
9
Suppose 0 = 7*q - 3*q - 5*x - 91, 3*x = -4*q + 67. Suppose 2*c + 1 + 3 = 0. Let z = c - -9. Calculate the remainder when q is divided by z.
5
Suppose -60 = -4*h + 20. Let t(k) = -18*k + 9. Let b be t(-8). Suppose 3*c - 4*l = -9*l + 102, l = -4*c + b. What is the remainder when c is divided by h?
19
Suppose 2*t + v = 20, 4*t + t - 5*v = 50. Suppose 4*s = x + 152, 0 = -4*s + 4*x + 27 + 125. Calculate the remainder when s is divided by t.
8
Let n = -19 - -28. Calculate the remainder when n is divided by 6.
3
Let j(t) = -t**3 + 6*t**2 - 5*t + 8. What is the remainder when 14 is divided by j(5)?
6
Let m = 43 + 76. What is the remainder when m is divided by 32?
23
Suppose 0 = -o + s + 77, s + 377 = 8*o - 3*o. Let n = o + -15. Let w = n + -27. Calculate the remainder when w is divided by 12.
9
Suppose 60*v - 64*v + 344 = 0. Calculate the remainder when v is divided by 29.
28
Suppose -t = -6 - 23. Suppose -5*r - 2 = -2*z, -5*r + 3*z - 1 = 2. Suppose r = 5*q - q - 60. Calculate the remainder when t is divided by q.
14
Let c(y) = y + 2. Let q be c(-6). Suppose -23*z = -19*z - 4. Calculate the remainder when z is divided by (-1 + (-2)/q)*-2.
0
Suppose 4*a = 6*a - 22. Calculate the remainder when 42 is divided by a.
9
Let c(p) = -3*p**2 + p. Let l be c(-1). Calculate the remainder when 0 + 5 + 6 + l is divided by 3.
1
Let c be (1/(-2))/((-2)/24). Let v(a) = a + 7. Calculate the remainder when 21 - (6 + -4 - 6) is divided by v(c).
12
Suppose 0*c = 3*c - 78. Calculate the remainder when ((-1)/(-2) - 0)*c is divided by 4.
1
Let l be 4/(-22) + (-2035)/121. Let p = 33 + l. What is the remainder when 46 is divided by p?
14
Suppose 0*s - 5*s + 10 = 0. Let u(j) = 4*j + 2. Suppose 3*r - 16 - 41 = 0. Calculate the remainder when r is divided by u(s).
9
Let u(z) = 4*z**2 + 7*z - 13. What is the remainder when u(2) is divided by 4?
1
Suppose -9 - 117 = -2*p. What is the remainder when p is divided by 32?
31
Let m(h) = -h. Let v be m(-5). Suppose -4 + 16 = -4*p, -544 = -v*b - 2*p. Calculate the remainder when 6/18 - b/(-3) is divided by 19.
18
Suppose 2*k + 63 = 5*k. What is the remainder when 60 is divided by k?
18
Suppose -8 = -22*v + 18*v. Suppose -5*q = 3*k - 149, -v*q - 3*q + 145 = 5*k. What is the remainder when q is divided by 8?
7
Let g(t) = 30*t - 13. Calculate the remainder when g(3) is divided by 20.
17
Let f(k) = -6*k - 5. Let l be f(-5). Suppose 8*d - l = 3*d. What is the remainder when d is divided by 2?
1
Let a(w) = 7*w - 16. What is the remainder when a(10) is divided by 14?
12
Suppose -4 + 10 = 2*p. Suppose p*o - 2*k + 24 = 3*k, 3*k + 3 = -4*o. Calculate the remainder when 37 is divided by ((-26)/4)/(o/6).
11
Let k(g) = -5*g + 6. What is the remainder when k(-7) is divided by 22?
19
Let z(v) be the first derivative of -v**2/2 + 12*v + 1. Let g = 17 - 10. What is the remainder when 8 is divided by z(g)?
3
Suppose -4 = -x + 30. Let m be (-16)/6*(-138)/4. Suppose -5*q = 32 - m. What is the remainder when x is divided by q?
10
Let x be 8 + 1 - (0 + -1). Let q = 7 - x. Let c(j) = j**2 + 2*j + 2. Calculate the remainder when 9 is divided by c(q).
4
Let s(o) = -o + 11. What is the remainder when s(-7) is divided by 10?
8
What is the remainder when 85*1*6/5 is divided by 15?
12
Let z(r) = -r**3 - 4*r**2 + 6*r + 6. Let b be z(-6). Suppose 2*x = 26 + 4. Calculate the remainder when x is divided by b/5 + (-8)/20.
7
Calculate the remainder when -2 + -1 + 45 + 4 is divided by 16.
14
Suppose 0 = -3*z + 5*i + 32, -z + 4*i + 24 = 5*i. Let h = 6 - -49. Calculate the remainder when h is divided by z.
17
Let y be (-3 - -6) + (-1 - 1). Let v = 11 + y. Suppose 0 = -0*w + 2*w - 46. Calculate the remainder when w is divided by v.
11
Let p be 4/(32/(-14) + 2). Let l = p + 29. Suppose 23 = r + m, -3*r + 68 = 2*m - 6. What is the remainder when r is divided by l?
13
Let u = 1 + 7. What is the remainder when 8 + 3 - 4/(-2) is divided by 1/(u/10)*4?
3
Let x be (-2 + (-28)/(-12))*6. Let u = 5 - 3. What is the remainder when (3/x)/((-1)/(-2)) is divided by u?
1
Suppose 4*v = 3*v - 38. Let a = v + -80. What is the remainder when 23 is divided by a/(-10) - 1/(-5)?
11
Suppose 27 + 12 = 3*v. Let c(n) = n**2 + 4*n + 2. What is the remainder when v is divided by c(-5)?
6
Let w(v) = -v**3 + 2*v**2 - 4*v - 4. Let g(o) = 3*o**3 - 5*o**2 + 11*o + 13. Let h(b) = 3*g(b) + 8*w(b). Calculate the remainder when 19 is divided by h(0).
5
Suppose 10*y + 234 = 11*y. Calculate the remainder when y is divided by 47.
46
Let x(d) = d - 2. Let i be x(5). What is the remainder when 115/3 - 1/i is divided by 13?
12
Let w be (-140)/25 - (-2)/(-5). Let i(o) = o**3 + 7*o**2 - 4. Let g be i(w). Suppose 0*d - 4*d + g = 0. What is the remainder when d is divided by 5?
3
Suppose l - 5 = 0, 3*y - 4*l - 16 = -0*l. Let a = y - 1. What is the remainder when 31 is divided by a?
9
Let g(u) = u**3 + 13*u**2 - 16*u - 21. What is the remainder when 10 is divided by g(-14)?
3
Let l = 185 + -179. What is the remainder when l is divided by 6?
0
Calculate the remainder when (-15)/(-1) + 1 + 1 is divided by 7.
3
Let r = 27 + 16. Suppose -4*v + 0*v + 60 = 0. Calculate the remainder when r is divided by v.
13
Let r = 34 + -27. What is the remainder when 34 is divided by r?
6
Suppose 3*s + 118 = 5*y, 0 = 2*y - 0*s + s - 45. What is the remainder when 43 is divided by y?
20
Let m(j) = 16*j - 1. Suppose -4*b + 3 = -b. Calculate the remainder when 44 is divided by m(b).
14
Let d = 16 + 4. Suppose -l - 4*l + d = 0. What is the remainder when l is divided by 2?
0
Let d(x) = x**3 + 9*x**2 + x + 12. Let b be d(-9). Suppose -5*i = -b*i - 4. Suppose -10 = -7*k + 2*k. Calculate the remainder when i is divided by k.
0
Let d be ((-12)/(-10))/((-2)/(-10)). Let c(t) = t**3 - 5*t**2 - 2*t - 5. Let m(g) = 7*g + 54. What is the remainder when c(d) is divided by m(-7)?
4
What is the remainder when 57 is divided by (-1)/3 + (4 - 25/(-3))?
9
Suppose -y = -6*y - 2*j + 6, -5*y + 2*j + 14 = 0. Suppose -22 = -3*g - 0*v + y*v, 3*v = 4*g - 28. Calculate the remainder when g is divided by 6.
4
Let l(r) = -r - 4. Calculate the remainder when 44 is divided by l(-19).
14
Suppose 0*w + 80 = 4*w. Calculate the remainder when 39 is divided by w.
19
Suppose -5*v + 36 + 24 = 0. Let j be v/(3/(-6) - -2). Suppose 0 = -3*s + 2*s + 2*f + 10, 0 = 4*f - j. Calculate the remainder when 41 is divided by s.
13
Suppose -2*u + 13 = -11. Calculate the remainder when 17 is divided by u.
5
Let u = -18 + 13. Let b = 1 - u. What is the remainder when ((-33)/b)/(3/(-6)) is divided by 6?
5
Let g = -42 + 71. Let o = 18 + g. Calculate the remainder when o is divided by 12.
11
Suppose 0 = t - 2 - 2. Suppose t*v - 22 = -2*l, 0*v + 7 = 2*l - v. What is the remainder when 17 is divided by l?
2
Let t = -32 - -57. Calculate the remainder when 49 is divided by t.
24
Suppose -3*q + 5 = -1. Suppose -6*p + 5*p + 1 = 2*d, 4*d - 8 = -4*p. Calculate the remainder when p is divided by q.
1
Let j = 133 + -93. Calculate the remainder when j is divided by (10 - 6)/4*21.
19
Let l be 69/5 + 2/10. Suppose d - l = -d. What is the remainder when 19 is divided by d?
5
Suppose -4*o + 4*b = -192, 5*o + 5*b - 147 = o. What is the remainder when o is divided by 24?
19
Suppose -p - 114 = -v, 224 = v + v + 2*p. Let s = -33 - -62. What is the remainder when v is divided by s?
26
Let z be -87*1*(-4)/(-3). Let y = z - -165. Calculate the remainder when y is divided by 17.
15
Suppose -m + 2*r = -2*m - 9, 0 = -4*m + 3*r + 19. Let u(o) = -o + 9. Let y be u(8). Let w = y + 0. Calculate the remainder when w is divided by m.
0
Suppose 0 = a - 5*a + 56. What is the remainder when 41 is divided by a?
13
What is the remainder when 37 is divided by (15/2)/((-15)/(-20))?
7
Let x(b) = -b**3 - 5*b**2 + 1. Suppose -3*r - 2 = -5*r. What is the remainder when x(-5) is divided by r?
0
Suppose -62 = -2*y + 5*c - 4, 0 = 4*y - c - 80. Let q(k) = k**2 - k + 6. What is the remainder when q(6) is divided by y?
17
Suppose 0 = 5*c - 129 - 1. Calculate the remainder when c is divided by 6.
2
Let h = 35 - 12. Let a(z) = -3*z - 5. Let g be a(-4). Suppose g*f - 24 = 4*f. Calculate the remainder when h is divided by f.
7
Let o = 18 + 32. Calculate the remainder when 18 is divided by ((-8)/20)/((-